{"id":7625,"date":"2022-10-07T09:15:15","date_gmt":"2022-10-07T09:15:15","guid":{"rendered":"https:\/\/saesoteria.fi\/kauppa\/?page_id=7625"},"modified":"2025-06-25T08:14:06","modified_gmt":"2025-06-25T08:14:06","slug":"kaupan-ohje","status":"publish","type":"page","link":"https:\/\/saesoteria.fi\/kauppa\/kaupan-ohje\/","title":{"rendered":"Kaupan ohje"},"content":{"rendered":"\n<p>Verkkokauppa t\u00e4ss\u00e4 www-osoitteessa, valitse vain yl\u00e4palkista kohta kauppa tai selaa osastoja. Tuotteita nettikauppaan lis\u00e4t\u00e4\u00e4n jatkuvasti.<\/p>\n\n\n\n<p>Ostaminen verkkokaupassa k\u00e4y helposti. Lis\u00e4\u00e4 vain valitsemasi tuotteet Ostoskoriin. Siirry Kassalle ja t\u00e4yt\u00e4 tietosi Lomakkeelle. Lomakkeen l\u00e4hetetty\u00e4si saat tilausvahvistuksen. K\u00e4sittelemme tilaukset (noin 2 arkip\u00e4iv\u00e4\u00e4) ja l\u00e4het\u00e4mme k\u00e4sittelyn j\u00e4lkeen laskun antamaasi s\u00e4hk\u00f6postiosoitteeseen. Maksun saatuamme l\u00e4het\u00e4mme tuotteet postitse. Toimituskulut lis\u00e4t\u00e4\u00e4n tuotteen hintaan.<br>Normaalit toimituskulut:<br>1 x norm. DVD\/Blu-ray 4,00\u20ac<br>2 x norm. DVD\/Blu-ray 6,00\u20ac<br>Talenteissa alle 3 cm pakkauskooltaan ja alle 500g painoltaan olevien tallenteiden toimituskulut kirjeen\u00e4 alkaen 4,00\u20ac. Tallenteissa yli 3 cm paksut l\u00e4hetykset postipakettina, jolloin toimituskulujen hinta alkaen 9,00\u20ac.<br>Kirjoissa ja 3D-tulosteissa l\u00e4hetyskulut riippuvat l\u00e4hetyksen koosta, alle 3 cm paksujen ja painoltaan enint\u00e4\u00e4n 500g, kirjojen toimituskulut kirjeen\u00e4 alkaen 4,00\u20ac. Yli 3 cm paksujen l\u00e4hetysten toimituskulut postipakettina alkaen 9,00\u20ac.<\/p>\n\n\n\n<p>M\u00e4\u00e4r\u00e4alennukset:<\/p>\n\n\n\n<ul class=\"wp-block-list\">\n<li>20,00\u20ac ja sit\u00e4 suurempien tilausten kokonaishinnasta v\u00e4hennet\u00e4\u00e4n 3,00\u20ac.<\/li>\n\n\n\n<li>40,00\u20ac ja sit\u00e4 suurempien tilausten toimitus ilman posti- ja toimituskuluja.<\/li>\n<\/ul>\n\n\n\n<p>N\u00e4m\u00e4 alennukset eiv\u00e4t vaadi lis\u00e4toimia ostajalta, vaan huomioidaan laskulla.<\/p>\n\n\n\n<p>Verkkokaupassamme maksaminen tapahtuu laskulla tilauksen k\u00e4sittelyn j\u00e4lkeen ja toimituskulut m\u00e4\u00e4r\u00e4ytyv\u00e4t tilauksen koon mukaan. Toimituskulut lis\u00e4t\u00e4\u00e4n k\u00e4sittelyss\u00e4 ja n\u00e4kyv\u00e4t laskulla. Tilauksen voi peruuttaa s\u00e4hk\u00f6postitse asiakkaan toimesta asiakkaan jo saatua laskun. Emme veloita maksamattoman tilauksen peruutuksesta mit\u00e4\u00e4n, joten asiakas voi huoletta tehd\u00e4 tilauksen ja peruuttaa tilauksen ilman lis\u00e4kustannuksia. Jos tilaus on maksettu, ei tilausta voi en\u00e4\u00e4 peruuttaa asiakkaan toimesta ilman kustannuksia. Tavara postitetaan kun tilauksen laskun summa n\u00e4kyy maksettuna tilill\u00e4mme.<\/p>\n\n\n\n<p>Huom: Tarkistakaa s\u00e4hk\u00f6postin Roskapostikansionne, mik\u00e4li viestimme on mennyt Roskapostikansioon.<\/p>\n","protected":false},"excerpt":{"rendered":"<p>Verkkokauppa t\u00e4ss\u00e4 www-osoitteessa, valitse vain yl\u00e4palkista kohta kauppa tai selaa osastoja. Tuotteita nettikauppaan lis\u00e4t\u00e4\u00e4n jatkuvasti. Ostaminen verkkokaupassa k\u00e4y helposti. Lis\u00e4\u00e4 vain valitsemasi tuotteet Ostoskoriin. Siirry Kassalle ja t\u00e4yt\u00e4 tietosi Lomakkeelle. Lomakkeen l\u00e4hetetty\u00e4si saat tilausvahvistuksen. K\u00e4sittelemme tilaukset (noin 2 arkip\u00e4iv\u00e4\u00e4) ja l\u00e4het\u00e4mme k\u00e4sittelyn j\u00e4lkeen laskun antamaasi s\u00e4hk\u00f6postiosoitteeseen. Maksun saatuamme l\u00e4het\u00e4mme tuotteet postitse. Toimituskulut lis\u00e4t\u00e4\u00e4n tuotteen hintaan.Normaalit [&hellip;]<\/p>\n","protected":false},"author":1,"featured_media":0,"parent":0,"menu_order":0,"comment_status":"closed","ping_status":"closed","template":"","meta":{"footnotes":""},"class_list":["post-7625","page","type-page","status-publish","hentry"],"_links":{"self":[{"href":"https:\/\/saesoteria.fi\/kauppa\/wp-json\/wp\/v2\/pages\/7625","targetHints":{"allow":["GET"]}}],"collection":[{"href":"https:\/\/saesoteria.fi\/kauppa\/wp-json\/wp\/v2\/pages"}],"about":[{"href":"https:\/\/saesoteria.fi\/kauppa\/wp-json\/wp\/v2\/types\/page"}],"author":[{"embeddable":true,"href":"https:\/\/saesoteria.fi\/kauppa\/wp-json\/wp\/v2\/users\/1"}],"replies":[{"embeddable":true,"href":"https:\/\/saesoteria.fi\/kauppa\/wp-json\/wp\/v2\/comments?post=7625"}],"version-history":[{"count":5,"href":"https:\/\/saesoteria.fi\/kauppa\/wp-json\/wp\/v2\/pages\/7625\/revisions"}],"predecessor-version":[{"id":9414,"href":"https:\/\/saesoteria.fi\/kauppa\/wp-json\/wp\/v2\/pages\/7625\/revisions\/9414"}],"wp:attachment":[{"href":"https:\/\/saesoteria.fi\/kauppa\/wp-json\/wp\/v2\/media?parent=7625"}],"curies":[{"name":"wp","href":"https:\/\/api.w.org\/{rel}","templated":true}]}}