{"id":7627,"date":"2022-10-07T09:16:06","date_gmt":"2022-10-07T09:16:06","guid":{"rendered":"https:\/\/saesoteria.fi\/kauppa\/?page_id=7627"},"modified":"2022-10-07T09:16:06","modified_gmt":"2022-10-07T09:16:06","slug":"toimitusehdot","status":"publish","type":"page","link":"https:\/\/saesoteria.fi\/kauppa\/toimitusehdot\/","title":{"rendered":"Toimitusehdot"},"content":{"rendered":"\n<p>Verkkokaupan toimitusehdot<\/p>\n\n\n\n<p>T\u00e4ll\u00e4 sivulla (ja siin\u00e4 viitatuilla muilla sivuilla) ovat ehdot joilla toimitamme sinulle tuotteita (Tuotteet) jotka ovat esill\u00e4 verkkokaupassamme (Kauppa) verkko-osoitteessa www.saesoteria.com. Pyyd\u00e4mme ett\u00e4 luet n\u00e4m\u00e4 toimitusehdot huolellisesti ennen kuin tilaat Tuotteita Kaupasta. Tilaamalla Tuotteita hyv\u00e4ksyt n\u00e4m\u00e4 ehdot. Suosittelemme ett\u00e4 tulostat n\u00e4ist\u00e4 ehdoista itsellesi kopion ja mik\u00e4li hyv\u00e4ksyt n\u00e4m\u00e4 ehdot klikkaa nappia \u201cHyv\u00e4ksyn ehdot\u201d. Mik\u00e4li et hyv\u00e4ksy n\u00e4it\u00e4 ehtoja et voi saattaa loppuun tilaustasi.<\/p>\n\n\n\n<p>1. Tietoja meist\u00e4<br>www.saesoteria.com on Internetsivusto jota hallinnoi Saesoteria&nbsp;(me). Y-tunnuksemme on 2488042-8, postiosoitteemme on Kaskilaaksontie 4 A 14, 02360 Espoo.<\/p>\n\n\n\n<p>2. Palvelun saatavuus<br>Kauppamme on tarkoitettu Suomessa asuville asiakkaille. En voi valitettavasti hyv\u00e4ksy\u00e4 tilauksia joissa toimitus olisi Suomen ulkopuolelle.<\/p>\n\n\n\n<p>3. Asiakkaan kelpoisuus<br>Tilaamalla Tuotteita kaupasta vahvistat ett\u00e4 olet t\u00e4ysi-ik\u00e4inen tai sinulla on vanhempiesi lupa.<\/p>\n\n\n\n<p>4. Sopimuksen syntyminen<br>(a) Sopimus syntyy kun vahvistat tilauksesi Kaupassa, klikkaat hyv\u00e4ksyv\u00e4si n\u00e4m\u00e4 ehdot ja suoritat maksun jollain hyv\u00e4ksym\u00e4ll\u00e4mme tavalla (Maksutavat).<br>(b) Pid\u00e4t\u00e4mme oikeuden peruuttaa tilauksen jos Tuotteen hinta Kaupassa oli ilmeisen virheellinen tai Tuotetta ei poikkeuksellisesti ole saatavilla.<br>(c) Mik\u00e4li joudumme peruuttamaan tilauksen, palautamme viipym\u00e4tt\u00e4 kauppahinnan.<\/p>\n\n\n\n<p>5. Kuluttajan palautusoikeus<br>(a) Mik\u00e4li ostat kuluttajana on sinulla kuluttajansuojalain mukaisesti oikeus perua kauppa 14 p\u00e4iv\u00e4n sis\u00e4ll\u00e4 saatuasi Tuotteen. Asiakkaan&nbsp;tulee kuitenkin ottaa meihin yhteytt\u00e4 ennen palautusta s\u00e4hk\u00f6postitse osoitteeseen: saesoteria@gmail.com. Asiakkaan tulee maksaa palautuksesta aiheutuneet postikulut.<br>(b) Mik\u00e4li haluat varmistaa ett\u00e4 saat maksamasi rahat takaisin palautetusta tuotteesta t\u00e4ysim\u00e4\u00e4r\u00e4isen\u00e4 on Tuotteen oltava ehdottomasti alkuper\u00e4isess\u00e4 kunnossa kaikkine tarvikkeineen ja pakkauksineen (jotta voimme myyd\u00e4 tuotteen uudelleen t\u00e4ydell\u00e4 hinnalla). Mik\u00e4li palautetussa l\u00e4hetyksess\u00e4 ei kuitenkaan ole kaikkea sinne kuuluvaa tai se on huonossa kunnossa asiakkaan aiheuttamasta syyst\u00e4, pid\u00e4t\u00e4mme p\u00e4\u00e4s\u00e4\u00e4nt\u00f6isesti osan&nbsp;myyntihinnasta vahingonkorvauksena.<br>(c) Palautusoikeus ei kuitenkaan koske seuraavia Tuotteita:<br>i. pelit, elokuvat tai muut sinet\u00f6idyt tuotteet, kun tuotepakkaus on avattu.<\/p>\n\n\n\n<p>Ostaessasi k\u00e4ytetyn elokuvan tai pelin, muista pyyt\u00e4\u00e4 sinet\u00f6ity pussi mukaan tilaukseen, mik\u00e4li haluat varmistaa, ett\u00e4 voit palauttaa tuotteen.<br>6. Tuotteiden toimitusaika<br>Varastossa olevat Tuotteet pyrit\u00e4\u00e4n l\u00e4hett\u00e4m\u00e4\u00e4n seuraavan kahden arkip\u00e4iv\u00e4n aikana. Mik\u00e4li toimituksessa on viiv\u00e4styst\u00e4 pyrimme saman ajan kuluessa ilmoittamaan arvioidun l\u00e4hett\u00e4misp\u00e4iv\u00e4n.<\/p>\n\n\n\n<p>7. Tuotteiden hinta<br>(a) Tuotteiden hinta on se mik\u00e4 hinnaksi on Kaupassa ilmoitettu, ellei hinnoittelussa ole tapahtunut virhe joka on my\u00f6s asiakkaalle ilmeinen.<br>(b) Tuotteiden hinnat sis\u00e4lt\u00e4v\u00e4t arvonlis\u00e4veron.<br>(c) Tuotteiden hinnat eiv\u00e4t sis\u00e4ll\u00e4 l\u00e4hetyskuluja ellei niin ole erikseen jonkin Tuotteen kohdalla ilmoitettu.<br>(d) Tuotteiden hintoja voidaan milloin vain muuttaa. Tuotteen hinnaksi tulee kuitenkin se mik\u00e4 sill\u00e4 oli ostohetkell\u00e4 ellei hinnassa ole 7. (a) kohdassa mainittua virhett\u00e4.<\/p>\n\n\n\n<p>8. Vastuumme<br>(a) Tuotteemme ovat hyv\u00e4laatuisia ja sopivat normaaliin k\u00e4ytt\u00f6tarkoitukseensa.<br>(b) Mik\u00e4li jokin Tuotteista ei vastaisi 8. (a) kohdan vaatimuksia vastuumme rajoittuu Tuotteen hintaan ellei voimassaoleva lains\u00e4\u00e4d\u00e4nt\u00f6 edellyt\u00e4 laajempaa vastuuta.<br>(c) Miss\u00e4\u00e4n tapauksessa emme vastaa v\u00e4lillisist\u00e4, taloudellisista tai ennalta arvaamattomista vahingoista.<br>(d) Emme vastaa laiminly\u00f6nneist\u00e4 tai viiv\u00e4styksest\u00e4 jotka johtuvat tapahtumista, viranomaiskielloista tai muista vastaavista olosuhteista jotka ovat m\u00e4\u00e4r\u00e4ys- tai vaikutusvaltamme ulkopuolella tai mit\u00e4 muuten yleisesti pidet\u00e4\u00e4n ylivoimaisena esteen\u00e4.<\/p>\n\n\n\n<p>9. Ehtojen muuttaminen<br>Pid\u00e4t\u00e4mme oikeuden muuttaa n\u00e4it\u00e4 ehtoja kun katsomme sen tarpeelliseksi. Kuhunkin yksitt\u00e4iseen kauppaan sovelletaan kaupantekohetken\u00e4 voimassaolleita ehtoja.<\/p>\n\n\n\n<p>10. Riitaisuudet<br>Pyrimme ensisijaisesti sovittelemaan kaikki Kauppaan ja sen k\u00e4ytt\u00f6\u00f6n liittyv\u00e4t riitaisuudet. Mik\u00e4li sovittelu kuitenkin ep\u00e4onnistuisi, tulee asiat ratkaista Espoon&nbsp;k\u00e4r\u00e4j\u00e4oikeudessa tai kuluttaja-asiakkaan kyseen ollessa h\u00e4nen kotipaikkansa alioikeudessa.<\/p>\n","protected":false},"excerpt":{"rendered":"<p>Verkkokaupan toimitusehdot T\u00e4ll\u00e4 sivulla (ja siin\u00e4 viitatuilla muilla sivuilla) ovat ehdot joilla toimitamme sinulle tuotteita (Tuotteet) jotka ovat esill\u00e4 verkkokaupassamme (Kauppa) verkko-osoitteessa www.saesoteria.com. Pyyd\u00e4mme ett\u00e4 luet n\u00e4m\u00e4 toimitusehdot huolellisesti ennen kuin tilaat Tuotteita Kaupasta. Tilaamalla Tuotteita hyv\u00e4ksyt n\u00e4m\u00e4 ehdot. Suosittelemme ett\u00e4 tulostat n\u00e4ist\u00e4 ehdoista itsellesi kopion ja mik\u00e4li hyv\u00e4ksyt n\u00e4m\u00e4 ehdot klikkaa nappia \u201cHyv\u00e4ksyn ehdot\u201d. [&hellip;]<\/p>\n","protected":false},"author":1,"featured_media":0,"parent":0,"menu_order":0,"comment_status":"closed","ping_status":"closed","template":"","meta":{"footnotes":""},"class_list":["post-7627","page","type-page","status-publish","hentry"],"_links":{"self":[{"href":"https:\/\/saesoteria.fi\/kauppa\/wp-json\/wp\/v2\/pages\/7627","targetHints":{"allow":["GET"]}}],"collection":[{"href":"https:\/\/saesoteria.fi\/kauppa\/wp-json\/wp\/v2\/pages"}],"about":[{"href":"https:\/\/saesoteria.fi\/kauppa\/wp-json\/wp\/v2\/types\/page"}],"author":[{"embeddable":true,"href":"https:\/\/saesoteria.fi\/kauppa\/wp-json\/wp\/v2\/users\/1"}],"replies":[{"embeddable":true,"href":"https:\/\/saesoteria.fi\/kauppa\/wp-json\/wp\/v2\/comments?post=7627"}],"version-history":[{"count":1,"href":"https:\/\/saesoteria.fi\/kauppa\/wp-json\/wp\/v2\/pages\/7627\/revisions"}],"predecessor-version":[{"id":7628,"href":"https:\/\/saesoteria.fi\/kauppa\/wp-json\/wp\/v2\/pages\/7627\/revisions\/7628"}],"wp:attachment":[{"href":"https:\/\/saesoteria.fi\/kauppa\/wp-json\/wp\/v2\/media?parent=7627"}],"curies":[{"name":"wp","href":"https:\/\/api.w.org\/{rel}","templated":true}]}}