{"id":7637,"date":"2022-10-07T09:45:39","date_gmt":"2022-10-07T09:45:39","guid":{"rendered":"https:\/\/saesoteria.fi\/kauppa\/?page_id=7637"},"modified":"2022-10-07T09:55:22","modified_gmt":"2022-10-07T09:55:22","slug":"3d-tulostuspalvelumme","status":"publish","type":"page","link":"https:\/\/saesoteria.fi\/kauppa\/3d-tulostuspalvelumme\/","title":{"rendered":"3D-tulostuspalvelumme"},"content":{"rendered":"\n<p>Tarjoamme edullista 3D-tulostuspalvelua FFF-tulostintekniikalla, sis\u00e4lt\u00e4en 3D-tulostuksen valmiista mallista sek\u00e4 3D-mallinnusta asiakkaalle.<\/p>\n\n\n\n<h3 class=\"wp-block-heading\">Materiaalit<\/h3>\n\n\n\n<p>K\u00e4yt\u00e4mme materiaalina PLA- ja PETG-muoveja, joita on tarjolla useina eri v\u00e4rein\u00e4. Emme valitettavasti t\u00e4ll\u00e4 hetkell\u00e4 k\u00e4yt\u00e4 muuta kuin PLA- ja PETG-muoveja tulostusmateriaalina. PLA-muovista on lis\u00e4ksi k\u00e4ytett\u00e4viss\u00e4 joustavampaa PLA-Flex muovia.<\/p>\n\n\n\n<h3 class=\"wp-block-heading\">Yhdenv\u00e4rin Laitteet<\/h3>\n\n\n\n<p>Laitteinamme on kaksi kappaletta yhdell\u00e4 suuttimella varustettuja Flashforge Adventurer 3 3D-tulostinta, joissa tulostusalue on kooltaan 15x15x15cm. Sek\u00e4 kahdella suuttimella varustettu Raise3D N2 Plus Dual extruder 3D-tulostin, jossa tulostusalue 305x305x610mm, mutta jossa kaikissa tapauksissa koko tulostusalue ei ole k\u00e4yt\u00f6ss\u00e4 t\u00e4ydess\u00e4 mitassaan. Lis\u00e4ksi k\u00e4yt\u00f6ss\u00e4mme on Ender-6 yhden suuttimen 3D-tulostin, jossa tulostusala on 25cmx25cmx40cm.<\/p>\n\n\n\n<h3 class=\"wp-block-heading\">Moniv\u00e4ritulostus<\/h3>\n\n\n\n<p>4-, 3-, ja 2-v\u00e4ritulostus on mahdollista my\u00f6s, t\u00e4h\u00e4n k\u00e4yt\u00e4mme Mosaic Palette 2S Pro -laitetta ja Ender-6 yhden suuttimen 3D-tulostinta, jossa tulostusala on 25cmx25cmx40cm. Monen v\u00e4rin tulostus on vaativampaa 3D-mallin osalta, koska siin\u00e4 tarvitaan joka v\u00e4rille oma erillinen 3D-malli, joista koko tulostettava moniv\u00e4rimalli koostuu. My\u00f6s tulostuksen kestoaika kasvaa k\u00e4ytett\u00e4ess\u00e4 laitetta monenv\u00e4rin tulostukseen.<\/p>\n\n\n\n<p>Kahden v\u00e4rin tulostus onnistuu p\u00e4\u00e4osassa kappaleita my\u00f6s kahdella suuttimella varustetulla tulostimellamme, mutta aina ei voi luvata siisti\u00e4 j\u00e4lke\u00e4 tulostettaessa kahdella suuttimella eri v\u00e4rein, johtuen pienist\u00e4 toisen v\u00e4rin j\u00e4\u00e4mist\u00e4, joita tulostimen materiaalisy\u00f6tt\u00f6 voi j\u00e4tt\u00e4\u00e4 tulosteeseen.<\/p>\n\n\n\n<h3 class=\"wp-block-heading\">Suunnittelu<\/h3>\n\n\n\n<p>Voimme toteuttaa 3D-mallin suunnittelun Blender-mallinnusohjelmalla STL-tiedostoksi asti, josta teemme 3D-tulostimelle tulostusvalmiin viipaloinnin 3D-tulostimen valmistajan omalla ohjelmalla. Voimme my\u00f6s tulostaa valmiin asiakkaalta saadun mallin STL-tiedostosta, mik\u00e4li sen tulostaminen on tulostimelle mahdollista.<\/p>\n\n\n\n<h3 class=\"wp-block-heading\">J\u00e4lkik\u00e4sittely<\/h3>\n\n\n\n<p>Emme k\u00e4yt\u00e4 erikseen tukimateriaalia, joten kaikki mallin mahdolliset tukirakenteet ovat samalla materiaalilla tulostettuja kuin itse mallikin. Tukirakenteiden kiinnityskohtiin j\u00e4\u00e4 pinnan ep\u00e4siisteytt\u00e4.<\/p>\n\n\n\n<p>Emme tee j\u00e4lkik\u00e4sittelyn\u00e4 muuta kuin tukirakenteiden k\u00e4sin teht\u00e4v\u00e4n poiston, mik\u00e4 yleens\u00e4 riitt\u00e4\u00e4, jos ei haluta erityisen viimeistelty\u00e4 kappaleen pintaa.<\/p>\n\n\n\n<h3 class=\"wp-block-heading\">Tulostustarkkuus<\/h3>\n\n\n\n<p>Tulostustarkkuus vaikuttaa k\u00e4ytett\u00e4v\u00e4\u00e4n tulostusaikaan merkitt\u00e4v\u00e4sti, joten tulostamme vain pienempi\u00e4 malleja korkealla tulostustarkkuudella. Kaikkia suurikokoisia tulostuksia emme voi toteuttaa, koska voimme tulostaa vain osan p\u00e4iv\u00e4st\u00e4, ja j\u00e4t\u00e4mme suuremmat tulosteet toteuttamatta: ajank\u00e4yt\u00f6n, riskin ep\u00e4onnistumisesta sek\u00e4 t\u00e4ll\u00f6in tapahtuvan materiaalihukan vuoksi. Arvioimme toteutettavuuden n\u00e4iss\u00e4 rajoissa.<\/p>\n\n\n\n<h3 class=\"wp-block-heading\">Hinnoittelu<\/h3>\n\n\n\n<p>Hinnat ovat tapauskohtaisia, ja sovitaan erikseen. Emme veloita arvioinnista mit\u00e4\u00e4n. Laskutamme ennen mallin mallintamista ja tulostusta. Toiveenamme on, ett\u00e4 toteutuksella ei ole kovin kovaa kiirett\u00e4, n\u00e4in voimme my\u00f6s rauhassa toteuttaa tarvitsemanne tulosteen, ja kulut pysyv\u00e4t matalampina. Toimitamme valmiin kappaleen postitse Suomen alueella.<\/p>\n\n\n\n<h3 class=\"wp-block-heading\">Toteutettuja t\u00f6it\u00e4<\/h3>\n\n\n\n<p><a href=\"https:\/\/saesoteria.fi\/kauppa\/uncategorized\/toteutettuja-toita\/\" data-type=\"URL\" data-id=\"https:\/\/saesoteria.fi\/kauppa\/uncategorized\/toteutettuja-toita\/\">Valmiita toteutettuja t\u00f6it\u00e4<\/a><\/p>\n\n\n\n<p><strong>Tehd\u00e4\u00e4n sinulle tarvitsemasi 3D-tuloste.<\/strong><\/p>\n\n\n\n<p>Ota yhteytt\u00e4:<\/p>\n\n\n\n<p>Saesoteria<\/p>\n\n\n\n<p>Samuli Aalto<\/p>\n\n\n\n<p>Whatsup, puhelin tai email<\/p>\n\n\n\n<p>p. 0445649293<\/p>\n\n\n\n<p>saesoteria(at)gmail.com<\/p>\n","protected":false},"excerpt":{"rendered":"<p>Tarjoamme edullista 3D-tulostuspalvelua FFF-tulostintekniikalla, sis\u00e4lt\u00e4en 3D-tulostuksen valmiista mallista sek\u00e4 3D-mallinnusta asiakkaalle. Materiaalit K\u00e4yt\u00e4mme materiaalina PLA- ja PETG-muoveja, joita on tarjolla useina eri v\u00e4rein\u00e4. Emme valitettavasti t\u00e4ll\u00e4 hetkell\u00e4 k\u00e4yt\u00e4 muuta kuin PLA- ja PETG-muoveja tulostusmateriaalina. PLA-muovista on lis\u00e4ksi k\u00e4ytett\u00e4viss\u00e4 joustavampaa PLA-Flex muovia. Yhdenv\u00e4rin Laitteet Laitteinamme on kaksi kappaletta yhdell\u00e4 suuttimella varustettuja Flashforge Adventurer 3 3D-tulostinta, joissa [&hellip;]<\/p>\n","protected":false},"author":1,"featured_media":0,"parent":0,"menu_order":0,"comment_status":"closed","ping_status":"closed","template":"","meta":{"footnotes":""},"class_list":["post-7637","page","type-page","status-publish","hentry"],"_links":{"self":[{"href":"https:\/\/saesoteria.fi\/kauppa\/wp-json\/wp\/v2\/pages\/7637","targetHints":{"allow":["GET"]}}],"collection":[{"href":"https:\/\/saesoteria.fi\/kauppa\/wp-json\/wp\/v2\/pages"}],"about":[{"href":"https:\/\/saesoteria.fi\/kauppa\/wp-json\/wp\/v2\/types\/page"}],"author":[{"embeddable":true,"href":"https:\/\/saesoteria.fi\/kauppa\/wp-json\/wp\/v2\/users\/1"}],"replies":[{"embeddable":true,"href":"https:\/\/saesoteria.fi\/kauppa\/wp-json\/wp\/v2\/comments?post=7637"}],"version-history":[{"count":3,"href":"https:\/\/saesoteria.fi\/kauppa\/wp-json\/wp\/v2\/pages\/7637\/revisions"}],"predecessor-version":[{"id":7653,"href":"https:\/\/saesoteria.fi\/kauppa\/wp-json\/wp\/v2\/pages\/7637\/revisions\/7653"}],"wp:attachment":[{"href":"https:\/\/saesoteria.fi\/kauppa\/wp-json\/wp\/v2\/media?parent=7637"}],"curies":[{"name":"wp","href":"https:\/\/api.w.org\/{rel}","templated":true}]}}