{"id":1806,"date":"2016-01-15T13:36:59","date_gmt":"2016-01-15T13:36:59","guid":{"rendered":"https:\/\/saesoteria.fi\/kauppa\/?post_type=product&#038;p=1806"},"modified":"2025-12-16T16:08:53","modified_gmt":"2025-12-16T16:08:53","slug":"mina-ja-aani-elokuva-ja-sisainen-aani-lehti-opas-aania-kuuleville-ja-heidan-omaisilleen-dvd-ja-opaslehti","status":"publish","type":"product","link":"https:\/\/saesoteria.fi\/kauppa\/tuote\/mina-ja-aani-elokuva-ja-sisainen-aani-lehti-opas-aania-kuuleville-ja-heidan-omaisilleen-dvd-ja-opaslehti\/","title":{"rendered":"Min\u00e4 ja \u00c4\u00e4ni elokuva ja Sis\u00e4inen \u00e4\u00e4ni lehti, Opas \u00e4\u00e4ni\u00e4 kuuleville ja heid\u00e4n omaisilleen (DVD ja Opaslehti)"},"content":{"rendered":"","protected":false},"excerpt":{"rendered":"<p>Elokuva<br \/>\nLaji:<br \/>\nTuotantovuosi:2013<br \/>\nPituus:19 min<br \/>\nKuntoluokitus (levy\/kannet): UUSI<br \/>\n(M- = uutta vastaava \/ VG  = hyv\u00e4kuntoinen \/ VG = k\u00e4yt\u00f6st\u00e4 hieman j\u00e4lke\u00e4 \/ G = kulunut, mutta toimiva)<\/p>\n<p>Opaslehti<br \/>\nTekij\u00e4:Annika Salo<br \/>\nTuoteryhm\u00e4:<br \/>\nKustantaja:Suomen Moni\u00e4\u00e4niset ry<br \/>\nKieli:suomi<br \/>\nPainovuosi:<br \/>\nPainos:<br \/>\nSivum\u00e4\u00e4r\u00e4:44s.<br \/>\nSidonta:lehti<br \/>\nKunto:K5 (K5=uusi, K4=erinomainen, K3=hyv\u00e4, K2=tyydytt\u00e4v\u00e4, K1=kehno) <\/p>\n","protected":false},"featured_media":1807,"template":"","meta":[],"product_brand":[],"product_cat":[37,52,20],"product_tag":[],"class_list":{"0":"post-1806","1":"product","2":"type-product","3":"status-publish","4":"has-post-thumbnail","6":"product_cat-dokumentti","7":"product_cat-mielenterveys","8":"product_cat-oppaat","10":"first","11":"instock","12":"shipping-taxable","13":"purchasable","14":"product-type-simple"},"_links":{"self":[{"href":"https:\/\/saesoteria.fi\/kauppa\/wp-json\/wp\/v2\/product\/1806","targetHints":{"allow":["GET"]}}],"collection":[{"href":"https:\/\/saesoteria.fi\/kauppa\/wp-json\/wp\/v2\/product"}],"about":[{"href":"https:\/\/saesoteria.fi\/kauppa\/wp-json\/wp\/v2\/types\/product"}],"wp:featuredmedia":[{"embeddable":true,"href":"https:\/\/saesoteria.fi\/kauppa\/wp-json\/wp\/v2\/media\/1807"}],"wp:attachment":[{"href":"https:\/\/saesoteria.fi\/kauppa\/wp-json\/wp\/v2\/media?parent=1806"}],"wp:term":[{"taxonomy":"product_brand","embeddable":true,"href":"https:\/\/saesoteria.fi\/kauppa\/wp-json\/wp\/v2\/product_brand?post=1806"},{"taxonomy":"product_cat","embeddable":true,"href":"https:\/\/saesoteria.fi\/kauppa\/wp-json\/wp\/v2\/product_cat?post=1806"},{"taxonomy":"product_tag","embeddable":true,"href":"https:\/\/saesoteria.fi\/kauppa\/wp-json\/wp\/v2\/product_tag?post=1806"}],"curies":[{"name":"wp","href":"https:\/\/api.w.org\/{rel}","templated":true}]}}