{"id":3447,"date":"2016-09-03T09:42:15","date_gmt":"2016-09-03T09:42:15","guid":{"rendered":"https:\/\/saesoteria.fi\/kauppa\/?post_type=product&#038;p=3447"},"modified":"2022-10-05T09:56:22","modified_gmt":"2022-10-05T09:56:22","slug":"oikeudenkaynti-alkaa-abram-terts","status":"publish","type":"product","link":"https:\/\/saesoteria.fi\/kauppa\/tuote\/oikeudenkaynti-alkaa-abram-terts\/","title":{"rendered":"Oikeudenk\u00e4ynti Alkaa, Abram Terts"},"content":{"rendered":"","protected":false},"excerpt":{"rendered":"<p><span style=\"color: #333333;\"><span style=\"font-family: Georgia, &#039;Times New Roman&#039;, &#039;Bitstream Charter&#039;, Times, serif;\"><span style=\"font-size: medium;\">Tekij\u00e4:Abram Terts<\/span><\/span><\/span><br \/>\n<span style=\"color: #333333;\"><span style=\"font-family: Georgia, &#039;Times New Roman&#039;, &#039;Bitstream Charter&#039;, Times, serif;\"><span style=\"font-size: medium;\">Kustantaja:WSOY<\/span><\/span><\/span><br \/>\n<span style=\"color: #333333;\"><span style=\"font-family: Georgia, &#039;Times New Roman&#039;, &#039;Bitstream Charter&#039;, Times, serif;\"><span style=\"font-size: medium;\">Kieli:suomi<\/span><\/span><\/span><br \/>\n<span style=\"color: #333333;\"><span style=\"font-family: Georgia, &#039;Times New Roman&#039;, &#039;Bitstream Charter&#039;, Times, serif;\"><span style=\"font-size: medium;\">Painovuosi:1960<\/span><\/span><\/span><br \/>\n<span style=\"color: #333333;\"><span style=\"font-family: Georgia, &#039;Times New Roman&#039;, &#039;Bitstream Charter&#039;, Times, serif;\"><span style=\"font-size: medium;\">Painos:<\/span><\/span><\/span><br \/>\n<span style=\"color: #333333;\"><span style=\"font-family: Georgia, &#039;Times New Roman&#039;, &#039;Bitstream Charter&#039;, Times, serif;\"><span style=\"font-size: medium;\">Sivum\u00e4\u00e4r\u00e4:131s.<\/span><\/span><\/span><br \/>\n<span style=\"color: #333333;\"><span style=\"font-family: Georgia, &#039;Times New Roman&#039;, &#039;Bitstream Charter&#039;, Times, serif;\"><span style=\"font-size: medium;\">Sidonta:sidottu, ei kansipapereita<\/span><\/span><\/span><br \/>\n<span style=\"color: #333333;\"><span style=\"font-family: Georgia, &#039;Times New Roman&#039;, &#039;Bitstream Charter&#039;, Times, serif;\"><span style=\"font-size: medium;\">Kunto: K3(K5=uusi, K4=erinomainen, K3=hyv\u00e4, K2=tyydytt\u00e4v\u00e4, K1=kehno)<\/span><\/span><\/span><\/p>\n","protected":false},"featured_media":3448,"template":"","meta":[],"product_brand":[],"product_cat":[84,23],"product_tag":[],"class_list":{"0":"post-3447","1":"product","2":"type-product","3":"status-publish","4":"has-post-thumbnail","6":"product_cat-rikoskirjallisuus","7":"product_cat-vanhakaunokirjallisuus","9":"first","10":"instock","11":"shipping-taxable","12":"purchasable","13":"product-type-simple"},"_links":{"self":[{"href":"https:\/\/saesoteria.fi\/kauppa\/wp-json\/wp\/v2\/product\/3447","targetHints":{"allow":["GET"]}}],"collection":[{"href":"https:\/\/saesoteria.fi\/kauppa\/wp-json\/wp\/v2\/product"}],"about":[{"href":"https:\/\/saesoteria.fi\/kauppa\/wp-json\/wp\/v2\/types\/product"}],"wp:featuredmedia":[{"embeddable":true,"href":"https:\/\/saesoteria.fi\/kauppa\/wp-json\/wp\/v2\/media\/3448"}],"wp:attachment":[{"href":"https:\/\/saesoteria.fi\/kauppa\/wp-json\/wp\/v2\/media?parent=3447"}],"wp:term":[{"taxonomy":"product_brand","embeddable":true,"href":"https:\/\/saesoteria.fi\/kauppa\/wp-json\/wp\/v2\/product_brand?post=3447"},{"taxonomy":"product_cat","embeddable":true,"href":"https:\/\/saesoteria.fi\/kauppa\/wp-json\/wp\/v2\/product_cat?post=3447"},{"taxonomy":"product_tag","embeddable":true,"href":"https:\/\/saesoteria.fi\/kauppa\/wp-json\/wp\/v2\/product_tag?post=3447"}],"curies":[{"name":"wp","href":"https:\/\/api.w.org\/{rel}","templated":true}]}}