{"id":4265,"date":"2017-03-03T10:03:53","date_gmt":"2017-03-03T10:03:53","guid":{"rendered":"https:\/\/saesoteria.fi\/kauppa\/?post_type=product&#038;p=4265"},"modified":"2022-10-06T06:23:44","modified_gmt":"2022-10-06T06:23:44","slug":"havukka-ahon-ajattelija-veikko-huovinen","status":"publish","type":"product","link":"https:\/\/saesoteria.fi\/kauppa\/tuote\/havukka-ahon-ajattelija-veikko-huovinen\/","title":{"rendered":"Havukka-Ahon Ajattelija, Veikko Huovinen"},"content":{"rendered":"","protected":false},"excerpt":{"rendered":"<p>Tekij\u00e4:Veikko Huovinen<br \/>\nKustantaja:WSOY<br \/>\nKieli:suomi<br \/>\nPainovuosi:1962<br \/>\nPainos:14.p.<br \/>\nSivum\u00e4\u00e4r\u00e4:211s.<br \/>\nSidonta:nidottu<br \/>\nKunto: K1(K5=uusi, K4=erinomainen, K3=hyv\u00e4, K2=tyydytt\u00e4v\u00e4, K1=kehno)<br \/>\nLis\u00e4tietoa kunnosta: kannet kuluneet<\/p>\n","protected":false},"featured_media":7147,"template":"","meta":[],"product_brand":[],"product_cat":[65,23],"product_tag":[],"class_list":{"0":"post-4265","1":"product","2":"type-product","3":"status-publish","4":"has-post-thumbnail","6":"product_cat-lasten-ja-nuorten","7":"product_cat-vanhakaunokirjallisuus","9":"first","10":"instock","11":"shipping-taxable","12":"purchasable","13":"product-type-simple"},"_links":{"self":[{"href":"https:\/\/saesoteria.fi\/kauppa\/wp-json\/wp\/v2\/product\/4265","targetHints":{"allow":["GET"]}}],"collection":[{"href":"https:\/\/saesoteria.fi\/kauppa\/wp-json\/wp\/v2\/product"}],"about":[{"href":"https:\/\/saesoteria.fi\/kauppa\/wp-json\/wp\/v2\/types\/product"}],"wp:featuredmedia":[{"embeddable":true,"href":"https:\/\/saesoteria.fi\/kauppa\/wp-json\/wp\/v2\/media\/7147"}],"wp:attachment":[{"href":"https:\/\/saesoteria.fi\/kauppa\/wp-json\/wp\/v2\/media?parent=4265"}],"wp:term":[{"taxonomy":"product_brand","embeddable":true,"href":"https:\/\/saesoteria.fi\/kauppa\/wp-json\/wp\/v2\/product_brand?post=4265"},{"taxonomy":"product_cat","embeddable":true,"href":"https:\/\/saesoteria.fi\/kauppa\/wp-json\/wp\/v2\/product_cat?post=4265"},{"taxonomy":"product_tag","embeddable":true,"href":"https:\/\/saesoteria.fi\/kauppa\/wp-json\/wp\/v2\/product_tag?post=4265"}],"curies":[{"name":"wp","href":"https:\/\/api.w.org\/{rel}","templated":true}]}}