{"id":6451,"date":"2021-09-29T12:23:50","date_gmt":"2021-09-29T12:23:50","guid":{"rendered":"https:\/\/saesoteria.fi\/kauppa\/?post_type=product&#038;p=6451"},"modified":"2022-10-06T05:52:54","modified_gmt":"2022-10-06T05:52:54","slug":"katketyt-kalleudet-nora-roberts","status":"publish","type":"product","link":"https:\/\/saesoteria.fi\/kauppa\/tuote\/katketyt-kalleudet-nora-roberts\/","title":{"rendered":"K\u00e4tketyt kalleudet, Nora Roberts"},"content":{"rendered":"","protected":false},"excerpt":{"rendered":"<p class=\"Standard\" style=\"line-height: 18.0pt;\"><span style=\"font-family: 'Georgia, 'Times New Roman', \u027bi'; color: #333333;\">Tekij\u00e4:Nora Roberts<\/span><br \/><span style=\"font-family: 'Georgia, 'Times New Roman', \u027bi'; color: #333333;\">Kustantaja:Gummerus<\/span><br \/><span style=\"font-family: 'Georgia, 'Times New Roman', \u027bi'; color: #333333;\">Kieli:suomi<\/span><br \/><span style=\"font-family: 'Georgia, 'Times New Roman', \u027bi'; color: #333333;\">Painovuosi:1995<\/span><br \/><span style=\"font-family: 'Georgia, 'Times New Roman', \u027bi'; color: #333333;\">Painos:<\/span><br \/><span style=\"font-family: 'Georgia, 'Times New Roman', \u027bi'; color: #333333;\">Sivum\u00e4\u00e4r\u00e4:527s.<\/span><br \/><span style=\"font-family: 'Georgia, 'Times New Roman', \u027bi'; color: #333333;\">Sidonta:sidottu, kansipaperit<\/span><br \/><span style=\"font-family: 'Georgia, 'Times New Roman', \u027bi'; color: #333333;\">Kunto: K4(K5=uusi, K4=erinomainen, K3=hyv\u00e4, K2=tyydytt\u00e4v\u00e4, K1=kehno)<\/span><\/p>\n","protected":false},"featured_media":6452,"template":"","meta":[],"product_brand":[],"product_cat":[59],"product_tag":[],"class_list":{"0":"post-6451","1":"product","2":"type-product","3":"status-publish","4":"has-post-thumbnail","6":"product_cat-romantiikka-kirjat","8":"first","9":"instock","10":"shipping-taxable","11":"purchasable","12":"product-type-simple"},"_links":{"self":[{"href":"https:\/\/saesoteria.fi\/kauppa\/wp-json\/wp\/v2\/product\/6451","targetHints":{"allow":["GET"]}}],"collection":[{"href":"https:\/\/saesoteria.fi\/kauppa\/wp-json\/wp\/v2\/product"}],"about":[{"href":"https:\/\/saesoteria.fi\/kauppa\/wp-json\/wp\/v2\/types\/product"}],"wp:featuredmedia":[{"embeddable":true,"href":"https:\/\/saesoteria.fi\/kauppa\/wp-json\/wp\/v2\/media\/6452"}],"wp:attachment":[{"href":"https:\/\/saesoteria.fi\/kauppa\/wp-json\/wp\/v2\/media?parent=6451"}],"wp:term":[{"taxonomy":"product_brand","embeddable":true,"href":"https:\/\/saesoteria.fi\/kauppa\/wp-json\/wp\/v2\/product_brand?post=6451"},{"taxonomy":"product_cat","embeddable":true,"href":"https:\/\/saesoteria.fi\/kauppa\/wp-json\/wp\/v2\/product_cat?post=6451"},{"taxonomy":"product_tag","embeddable":true,"href":"https:\/\/saesoteria.fi\/kauppa\/wp-json\/wp\/v2\/product_tag?post=6451"}],"curies":[{"name":"wp","href":"https:\/\/api.w.org\/{rel}","templated":true}]}}